{"id":1232,"date":"2021-05-15T23:11:23","date_gmt":"2021-05-15T23:11:23","guid":{"rendered":"https:\/\/wordpress.ispisanbartolome.edu.ar\/?page_id=1232"},"modified":"2021-05-17T10:13:37","modified_gmt":"2021-05-17T13:13:37","slug":"normativa","status":"publish","type":"page","link":"https:\/\/ispisanbartolome.edu.ar\/?page_id=1232","title":{"rendered":"Normativa"},"content":{"rendered":"<div data-colibri-id=\"1232-c1\" class=\"style-951 style-local-1232-c1 position-relative\">\n  <!---->\n  <div data-colibri-component=\"section\" data-colibri-id=\"1232-c2\" id=\"reusable-sections\" class=\"h-section h-section-global-spacing d-flex align-items-lg-center align-items-md-center align-items-center style-952 style-local-1232-c2 position-relative\">\n    <!---->\n    <!---->\n    <div class=\"h-section-grid-container h-section-boxed-container\">\n      <!---->\n      <div data-colibri-id=\"1232-c3\" class=\"h-row-container gutters-row-lg-2 gutters-row-md-2 gutters-row-2 gutters-row-v-lg-2 gutters-row-v-md-2 gutters-row-v-2 style-953 style-local-1232-c3 position-relative\">\n        <!---->\n        <div class=\"h-row justify-content-lg-center justify-content-md-center justify-content-center align-items-lg-stretch align-items-md-stretch align-items-stretch gutters-col-lg-2 gutters-col-md-2 gutters-col-2 gutters-col-v-lg-2 gutters-col-v-md-2 gutters-col-v-2\">\n          <!---->\n          <div class=\"h-column h-column-container d-flex h-col-lg-auto h-col-md-auto h-col-auto style-954-outer style-local-1232-c4-outer\">\n            <div data-colibri-id=\"1232-c4\" class=\"d-flex h-flex-basis h-column__inner h-px-lg-2 h-px-md-2 h-px-2 v-inner-lg-2 v-inner-md-2 v-inner-2 style-954 style-local-1232-c4 position-relative\">\n              <!---->\n              <!---->\n              <div class=\"w-100 h-y-container h-column__content h-column__v-align flex-basis-100 align-self-lg-center align-self-md-center align-self-center\">\n                <!---->\n                <div data-colibri-id=\"1232-c5\" class=\"h-global-transition-all h-heading style-955 style-local-1232-c5 position-relative h-element\">\n                  <!---->\n                  <div class=\"h-heading__outer style-955 style-local-1232-c5\">\n                    <!---->\n                    <!---->\n                    <h3 class=\"\">Normativa<\/h3>\n                  <\/div>\n                <\/div>\n              <\/div>\n            <\/div>\n          <\/div>\n          <div class=\"h-column h-column-container d-flex h-col-lg-auto h-col-md-auto h-col-auto style-957-outer style-local-1232-c6-outer\">\n            <div data-colibri-id=\"1232-c6\" class=\"d-flex h-flex-basis h-column__inner h-px-lg-2 h-px-md-2 h-px-2 v-inner-lg-2 v-inner-md-2 v-inner-2 style-957 style-local-1232-c6 position-relative\">\n              <!---->\n              <!---->\n              <div class=\"w-100 h-y-container h-column__content h-column__v-align flex-basis-100 align-self-lg-start align-self-md-start align-self-start\">\n                <!---->\n                <div data-colibri-id=\"1232-c7\" class=\"h-row-container gutters-row-lg-2 gutters-row-md-2 gutters-row-0 gutters-row-v-lg-2 gutters-row-v-md-2 gutters-row-v-2 style-958 style-local-1232-c7 position-relative\">\n                  <!---->\n                  <div class=\"h-row justify-content-lg-center justify-content-md-center justify-content-center align-items-lg-stretch align-items-md-stretch align-items-stretch gutters-col-lg-2 gutters-col-md-2 gutters-col-0 gutters-col-v-lg-2 gutters-col-v-md-2 gutters-col-v-2\">\n                    <!---->\n                    <div class=\"h-column h-column-container d-flex h-col-lg-6 h-col-md-6 h-col-12 style-959-outer style-local-1232-c8-outer\">\n                      <div data-colibri-id=\"1232-c8\" class=\"d-flex h-flex-basis h-column__inner h-px-lg-0 h-px-md-0 h-px-0 v-inner-lg-0 v-inner-md-0 v-inner-0 style-959 style-local-1232-c8 position-relative\">\n                        <!---->\n                        <!---->\n                        <div class=\"w-100 h-y-container h-column__content h-column__v-align flex-basis-100 align-self-lg-start align-self-md-start align-self-start\">\n                          <!---->\n                          <div data-colibri-id=\"1232-c9\" class=\"h-icon style-960 style-local-1232-c9 position-relative h-element\">\n                            <!----><span class=\"h-svg-icon h-icon__icon style-960-icon style-local-1232-c9-icon\"><!--Icon by Font Awesome (https:\/\/fontawesome.com)--><svg version=\"1.1\" xmlns=\"http:\/\/www.w3.org\/2000\/svg\" xmlns:xlink=\"http:\/\/www.w3.org\/1999\/xlink\" id=\"search\" viewBox=\"0 0 1672.2646 1896.0833\"><path d=\"M1152 832q0-185-131.5-316.5T704 384 387.5 515.5 256 832t131.5 316.5T704 1280t316.5-131.5T1152 832zm512 832q0 52-38 90t-90 38q-54 0-90-38l-343-342q-179 124-399 124-143 0-273.5-55.5t-225-150-150-225T0 832t55.5-273.5 150-225 225-150T704 128t273.5 55.5 225 150 150 225T1408 832q0 220-124 399l343 343q37 37 37 90z\"><\/path><\/svg><\/span><\/div>\n                          <div\n                            data-colibri-id=\"1232-c10\" class=\"h-global-transition-all h-heading style-961 style-local-1232-c10 position-relative h-element\">\n                            <!---->\n                            <div class=\"h-heading__outer style-961 style-local-1232-c10\">\n                              <!---->\n                              <!---->\n                              <h5 class=\"\">REGLAMENTO ACAD\u00c9MICO MARCO &#8211; raM <span style=\"font-weight: 400;\"><br>(Dec. 4199\/15)<\/span><\/h5>\n                            <\/div>\n                        <\/div>\n                        <div data-colibri-id=\"1232-c11\" class=\"h-x-container style-962 style-local-1232-c11 position-relative h-element\">\n                          <!---->\n                          <div class=\"h-x-container-inner style-dynamic-1232-c11-group style-962-spacing style-local-1232-c11-spacing\"><span class=\"h-button__outer style-963-outer style-local-1232-c12-outer d-inline-flex h-element\"><a h-use-smooth-scroll=\"true\" href=\"https:\/\/ispisanbartolome.edu.ar\/wp-content\/uploads\/2021\/05\/dec-4199-15-reglamento-academico-marco-ram.pdf\" target=\"_blank\" data-colibri-id=\"1232-c12\" class=\"d-flex w-100 align-items-center h-button justify-content-lg-center justify-content-md-center justify-content-center style-963 style-local-1232-c12 position-relative\" rel=\"noopener\"><!----><!----> <span>Leer m\u00e1s<\/span><\/a>\n                            <\/span>\n                          <\/div>\n                        <\/div>\n                      <\/div>\n                    <\/div>\n                  <\/div>\n                  <div class=\"h-column h-column-container d-flex h-col-lg-6 h-col-md-6 h-col-12 style-959-outer style-local-1232-c13-outer\">\n                    <div data-colibri-id=\"1232-c13\" class=\"d-flex h-flex-basis h-column__inner h-px-lg-0 h-px-md-0 h-px-0 v-inner-lg-0 v-inner-md-0 v-inner-0 style-959 style-local-1232-c13 position-relative\">\n                      <!---->\n                      <!---->\n                      <div class=\"w-100 h-y-container h-column__content h-column__v-align flex-basis-100 align-self-lg-start align-self-md-start align-self-start\">\n                        <!---->\n                        <div data-colibri-id=\"1232-c14\" class=\"h-icon style-960 style-local-1232-c14 position-relative h-element\">\n                          <!----><span class=\"h-svg-icon h-icon__icon style-960-icon style-local-1232-c14-icon\"><!--Icon by Font Awesome (https:\/\/fontawesome.com)--><svg version=\"1.1\" xmlns=\"http:\/\/www.w3.org\/2000\/svg\" xmlns:xlink=\"http:\/\/www.w3.org\/1999\/xlink\" id=\"search\" viewBox=\"0 0 1672.2646 1896.0833\"><path d=\"M1152 832q0-185-131.5-316.5T704 384 387.5 515.5 256 832t131.5 316.5T704 1280t316.5-131.5T1152 832zm512 832q0 52-38 90t-90 38q-54 0-90-38l-343-342q-179 124-399 124-143 0-273.5-55.5t-225-150-150-225T0 832t55.5-273.5 150-225 225-150T704 128t273.5 55.5 225 150 150 225T1408 832q0 220-124 399l343 343q37 37 37 90z\"><\/path><\/svg><\/span><\/div>\n                        <div\n                          data-colibri-id=\"1232-c15\" class=\"h-global-transition-all h-heading style-961 style-local-1232-c15 position-relative h-element\">\n                          <!---->\n                          <div class=\"h-heading__outer style-961 style-local-1232-c15\">\n                            <!---->\n                            <!---->\n                            <h5 class=\"\">REGLAMENTO DE PR\u00c1CTICAS PROFESIONALIZANTES <span style=\"font-weight: 400;\">(DEC. 1559\/17)<\/span><\/h5>\n                          <\/div>\n                      <\/div>\n                      <div data-colibri-id=\"1232-c16\" class=\"h-x-container style-964 style-local-1232-c16 position-relative h-element\">\n                        <!---->\n                        <div class=\"h-x-container-inner style-dynamic-1232-c16-group style-964-spacing style-local-1232-c16-spacing\"><span class=\"h-button__outer style-965-outer style-local-1232-c17-outer d-inline-flex h-element\"><a h-use-smooth-scroll=\"true\" href=\"https:\/\/ispisanbartolome.edu.ar\/wp-content\/uploads\/2021\/05\/dec-1559-7-1-practicas-profesionalizantes.pdf\" target=\"_blank\" data-colibri-id=\"1232-c17\" class=\"d-flex w-100 align-items-center h-button justify-content-lg-center justify-content-md-center justify-content-center style-965 style-local-1232-c17 position-relative\" rel=\"noopener\"><!----><!----> <span>leer m\u00e1s<\/span><\/a>\n                          <\/span>\n                        <\/div>\n                      <\/div>\n                    <\/div>\n                  <\/div>\n                <\/div>\n                <div class=\"h-column h-column-container d-flex h-col-lg-6 h-col-md-6 h-col-12 style-959-outer style-local-1232-c18-outer\">\n                  <div data-colibri-id=\"1232-c18\" class=\"d-flex h-flex-basis h-column__inner h-px-lg-0 h-px-md-0 h-px-0 v-inner-lg-0 v-inner-md-0 v-inner-0 style-959 style-local-1232-c18 position-relative\">\n                    <!---->\n                    <!---->\n                    <div class=\"w-100 h-y-container h-column__content h-column__v-align flex-basis-100 align-self-lg-start align-self-md-start align-self-start\">\n                      <!---->\n                      <div data-colibri-id=\"1232-c19\" class=\"h-icon style-960 style-local-1232-c19 position-relative h-element\">\n                        <!----><span class=\"h-svg-icon h-icon__icon style-960-icon style-local-1232-c19-icon\"><!--Icon by Font Awesome (https:\/\/fontawesome.com)--><svg version=\"1.1\" xmlns=\"http:\/\/www.w3.org\/2000\/svg\" xmlns:xlink=\"http:\/\/www.w3.org\/1999\/xlink\" id=\"search\" viewBox=\"0 0 1672.2646 1896.0833\"><path d=\"M1152 832q0-185-131.5-316.5T704 384 387.5 515.5 256 832t131.5 316.5T704 1280t316.5-131.5T1152 832zm512 832q0 52-38 90t-90 38q-54 0-90-38l-343-342q-179 124-399 124-143 0-273.5-55.5t-225-150-150-225T0 832t55.5-273.5 150-225 225-150T704 128t273.5 55.5 225 150 150 225T1408 832q0 220-124 399l343 343q37 37 37 90z\"><\/path><\/svg><\/span><\/div>\n                      <div\n                        data-colibri-id=\"1232-c20\" class=\"h-global-transition-all h-heading style-961 style-local-1232-c20 position-relative h-element\">\n                        <!---->\n                        <div class=\"h-heading__outer style-961 style-local-1232-c20\">\n                          <!---->\n                          <!---->\n                          <h5 class=\"\">REGLAMENTO DE PR\u00c1CTICAS DOCENTES <span style=\"font-weight: 400;\"><br>(dEC. 4200\/15)<\/span><\/h5>\n                        <\/div>\n                    <\/div>\n                    <div data-colibri-id=\"1232-c21\" class=\"h-x-container style-966 style-local-1232-c21 position-relative h-element\">\n                      <!---->\n                      <div class=\"h-x-container-inner style-dynamic-1232-c21-group style-966-spacing style-local-1232-c21-spacing\"><span class=\"h-button__outer style-967-outer style-local-1232-c22-outer d-inline-flex h-element\"><a h-use-smooth-scroll=\"true\" href=\"https:\/\/ispisanbartolome.edu.ar\/wp-content\/uploads\/2021\/05\/dec-4200-15-reglamento-de-practica-rp.pdf\" target=\"_blank\" data-colibri-id=\"1232-c22\" class=\"d-flex w-100 align-items-center h-button justify-content-lg-center justify-content-md-center justify-content-center style-967 style-local-1232-c22 position-relative\" rel=\"noopener\"><!----><!----> <span>leer m\u00e1s<\/span><\/a>\n                        <\/span>\n                      <\/div>\n                    <\/div>\n                  <\/div>\n                <\/div>\n              <\/div>\n              <div class=\"h-column h-column-container d-flex h-col-lg-6 h-col-md-6 h-col-12 style-959-outer style-local-1232-c23-outer\">\n                <div data-colibri-id=\"1232-c23\" class=\"d-flex h-flex-basis h-column__inner h-px-lg-0 h-px-md-0 h-px-0 v-inner-lg-0 v-inner-md-0 v-inner-0 style-959 style-local-1232-c23 position-relative\">\n                  <!---->\n                  <!---->\n                  <div class=\"w-100 h-y-container h-column__content h-column__v-align flex-basis-100 align-self-lg-start align-self-md-start align-self-start\">\n                    <!---->\n                    <div data-colibri-id=\"1232-c24\" class=\"h-icon style-960 style-local-1232-c24 position-relative h-element\">\n                      <!----><span class=\"h-svg-icon h-icon__icon style-960-icon style-local-1232-c24-icon\"><!--Icon by Font Awesome (https:\/\/fontawesome.com)--><svg version=\"1.1\" xmlns=\"http:\/\/www.w3.org\/2000\/svg\" xmlns:xlink=\"http:\/\/www.w3.org\/1999\/xlink\" id=\"signal\" viewBox=\"0 0 1792 1896.0833\"><path d=\"M256 1440v192q0 14-9 23t-23 9H32q-14 0-23-9t-9-23v-192q0-14 9-23t23-9h192q14 0 23 9t9 23zm384-128v320q0 14-9 23t-23 9H416q-14 0-23-9t-9-23v-320q0-14 9-23t23-9h192q14 0 23 9t9 23zm384-256v576q0 14-9 23t-23 9H800q-14 0-23-9t-9-23v-576q0-14 9-23t23-9h192q14 0 23 9t9 23zm384-384v960q0 14-9 23t-23 9h-192q-14 0-23-9t-9-23V672q0-14 9-23t23-9h192q14 0 23 9t9 23zm384-512v1472q0 14-9 23t-23 9h-192q-14 0-23-9t-9-23V160q0-14 9-23t23-9h192q14 0 23 9t9 23z\"><\/path><\/svg><\/span><\/div>\n                    <div\n                      data-colibri-id=\"1232-c25\" class=\"h-global-transition-all h-heading style-961 style-local-1232-c25 position-relative h-element\">\n                      <!---->\n                      <div class=\"h-heading__outer style-961 style-local-1232-c25\">\n                        <!---->\n                        <!---->\n                        <h5 class=\"\">REGIMEN DE CORRELATIVIDADES PROFESORADO<\/h5>\n                      <\/div>\n                  <\/div>\n                  <div data-colibri-id=\"1232-c26\" class=\"h-x-container style-968 style-local-1232-c26 position-relative h-element\">\n                    <!---->\n                    <div class=\"h-x-container-inner style-dynamic-1232-c26-group style-968-spacing style-local-1232-c26-spacing\"><span class=\"h-button__outer style-969-outer style-local-1232-c27-outer d-inline-flex h-element\"><a h-use-smooth-scroll=\"true\" href=\"https:\/\/ispisanbartolome.edu.ar\/wp-content\/uploads\/2021\/05\/correlatividades-profesorado.pdf\" target=\"_blank\" data-colibri-id=\"1232-c27\" class=\"d-flex w-100 align-items-center h-button justify-content-lg-center justify-content-md-center justify-content-center style-969 style-local-1232-c27 position-relative\" rel=\"noopener\"><!----><!----> <span>leer m\u00e1s<\/span><\/a>\n                      <\/span>\n                    <\/div>\n                  <\/div>\n                <\/div>\n              <\/div>\n            <\/div>\n            <div class=\"h-column h-column-container d-flex h-col-lg-6 h-col-md-6 h-col-12 style-970-outer style-local-1232-c28-outer\">\n              <div data-colibri-id=\"1232-c28\" class=\"d-flex h-flex-basis h-column__inner h-px-lg-2 h-px-md-2 h-px-2 v-inner-lg-2 v-inner-md-2 v-inner-2 style-970 style-local-1232-c28 position-relative\">\n                <!---->\n                <!---->\n                <div class=\"w-100 h-y-container h-column__content h-column__v-align flex-basis-100 align-self-lg-start align-self-md-start align-self-start\">\n                  <!---->\n                  <div data-colibri-id=\"1232-c29\" class=\"h-icon style-960 style-local-1232-c29 position-relative h-element\">\n                    <!----><span class=\"h-svg-icon h-icon__icon style-960-icon style-local-1232-c29-icon\"><!--Icon by Font Awesome (https:\/\/fontawesome.com)--><svg version=\"1.1\" xmlns=\"http:\/\/www.w3.org\/2000\/svg\" xmlns:xlink=\"http:\/\/www.w3.org\/1999\/xlink\" id=\"signal\" viewBox=\"0 0 1792 1896.0833\"><path d=\"M256 1440v192q0 14-9 23t-23 9H32q-14 0-23-9t-9-23v-192q0-14 9-23t23-9h192q14 0 23 9t9 23zm384-128v320q0 14-9 23t-23 9H416q-14 0-23-9t-9-23v-320q0-14 9-23t23-9h192q14 0 23 9t9 23zm384-256v576q0 14-9 23t-23 9H800q-14 0-23-9t-9-23v-576q0-14 9-23t23-9h192q14 0 23 9t9 23zm384-384v960q0 14-9 23t-23 9h-192q-14 0-23-9t-9-23V672q0-14 9-23t23-9h192q14 0 23 9t9 23zm384-512v1472q0 14-9 23t-23 9h-192q-14 0-23-9t-9-23V160q0-14 9-23t23-9h192q14 0 23 9t9 23z\"><\/path><\/svg><\/span><\/div>\n                  <div\n                    data-colibri-id=\"1232-c30\" class=\"h-global-transition-all h-heading style-961 style-local-1232-c30 position-relative h-element\">\n                    <!---->\n                    <div class=\"h-heading__outer style-961 style-local-1232-c30\">\n                      <!---->\n                      <!---->\n                      <h5 class=\"\">REGIMEN DE CORRELATIVIDADES TRADUCTORADO<\/h5>\n                    <\/div>\n                <\/div>\n                <div data-colibri-id=\"1232-c31\" class=\"h-x-container style-971 style-local-1232-c31 position-relative h-element\">\n                  <!---->\n                  <div class=\"h-x-container-inner style-dynamic-1232-c31-group style-971-spacing style-local-1232-c31-spacing\"><span class=\"h-button__outer style-972-outer style-local-1232-c32-outer d-inline-flex h-element\"><a h-use-smooth-scroll=\"true\" href=\"https:\/\/ispisanbartolome.edu.ar\/wp-content\/uploads\/2021\/05\/correlatividades-traductorado-en-ingles.pdf\" target=\"_blank\" data-colibri-id=\"1232-c32\" class=\"d-flex w-100 align-items-center h-button justify-content-lg-center justify-content-md-center justify-content-center style-972 style-local-1232-c32 position-relative\" rel=\"noopener\"><!----><!----> <span>leer m\u00e1s<\/span><\/a>\n                    <\/span>\n                  <\/div>\n                <\/div>\n              <\/div>\n            <\/div>\n          <\/div>\n          <div class=\"h-column h-column-container d-flex h-col-lg-6 h-col-md-6 h-col-12 style-973-outer style-local-1232-c33-outer\">\n            <div data-colibri-id=\"1232-c33\" class=\"d-flex h-flex-basis h-column__inner h-px-lg-2 h-px-md-2 h-px-2 v-inner-lg-2 v-inner-md-2 v-inner-2 style-973 style-local-1232-c33 position-relative\">\n              <!---->\n              <!---->\n              <div class=\"w-100 h-y-container h-column__content h-column__v-align flex-basis-100 align-self-lg-start align-self-md-start align-self-start\">\n                <!---->\n                <div data-colibri-id=\"1232-c34\" class=\"h-icon style-960 style-local-1232-c34 position-relative h-element\">\n                  <!----><span class=\"h-svg-icon h-icon__icon style-960-icon style-local-1232-c34-icon\"><!--Icon by Font Awesome (https:\/\/fontawesome.com)--><svg version=\"1.1\" xmlns=\"http:\/\/www.w3.org\/2000\/svg\" xmlns:xlink=\"http:\/\/www.w3.org\/1999\/xlink\" id=\"th\" viewBox=\"0 0 1792 1896.0833\"><path d=\"M512 1248v192q0 40-28 68t-68 28H96q-40 0-68-28t-28-68v-192q0-40 28-68t68-28h320q40 0 68 28t28 68zm0-512v192q0 40-28 68t-68 28H96q-40 0-68-28T0 928V736q0-40 28-68t68-28h320q40 0 68 28t28 68zm640 512v192q0 40-28 68t-68 28H736q-40 0-68-28t-28-68v-192q0-40 28-68t68-28h320q40 0 68 28t28 68zM512 224v192q0 40-28 68t-68 28H96q-40 0-68-28T0 416V224q0-40 28-68t68-28h320q40 0 68 28t28 68zm640 512v192q0 40-28 68t-68 28H736q-40 0-68-28t-28-68V736q0-40 28-68t68-28h320q40 0 68 28t28 68zm640 512v192q0 40-28 68t-68 28h-320q-40 0-68-28t-28-68v-192q0-40 28-68t68-28h320q40 0 68 28t28 68zM1152 224v192q0 40-28 68t-68 28H736q-40 0-68-28t-28-68V224q0-40 28-68t68-28h320q40 0 68 28t28 68zm640 512v192q0 40-28 68t-68 28h-320q-40 0-68-28t-28-68V736q0-40 28-68t68-28h320q40 0 68 28t28 68zm0-512v192q0 40-28 68t-68 28h-320q-40 0-68-28t-28-68V224q0-40 28-68t68-28h320q40 0 68 28t28 68z\"><\/path><\/svg><\/span><\/div>\n                <div\n                  data-colibri-id=\"1232-c35\" class=\"h-global-transition-all h-heading style-961 style-local-1232-c35 position-relative h-element\">\n                  <!---->\n                  <div class=\"h-heading__outer style-961 style-local-1232-c35\">\n                    <!---->\n                    <!---->\n                    <h5 class=\"\">calendario escolar 2021\n                      <br>(Circ. 17 SES)<\/h5>\n                  <\/div>\n              <\/div>\n              <div data-colibri-id=\"1232-c36\" class=\"h-x-container style-974 style-local-1232-c36 position-relative h-element\">\n                <!---->\n                <div class=\"h-x-container-inner style-dynamic-1232-c36-group style-974-spacing style-local-1232-c36-spacing\"><span class=\"h-button__outer style-975-outer style-local-1232-c37-outer d-inline-flex h-element\"><a h-use-smooth-scroll=\"true\" href=\"https:\/\/ispisanbartolome.edu.ar\/wp-content\/uploads\/2021\/05\/Circular-No-17-SES-Calendario-Escolar-2021.pdf\" target=\"_blank\" data-colibri-id=\"1232-c37\" class=\"d-flex w-100 align-items-center h-button justify-content-lg-center justify-content-md-center justify-content-center style-975 style-local-1232-c37 position-relative\" rel=\"noopener\"><!----><!----> <span>leer m\u00e1s<\/span><\/a>\n                  <\/span>\n                <\/div>\n              <\/div>\n            <\/div>\n          <\/div>\n        <\/div>\n      <\/div>\n    <\/div>\n  <\/div>\n<\/div>\n<\/div>\n<\/div>\n<\/div>\n<\/div>\n<\/div>\n<\/div>","protected":false},"excerpt":{"rendered":"<p>Normativa REGLAMENTO ACAD\u00c9MICO MARCO &#8211; raM (Dec. 4199\/15) Leer m\u00e1s REGLAMENTO DE PR\u00c1CTICAS PROFESIONALIZANTES (DEC. 1559\/17) leer m\u00e1s REGLAMENTO DE PR\u00c1CTICAS DOCENTES (dEC. 4200\/15) leer m\u00e1s REGIMEN DE CORRELATIVIDADES PROFESORADO leer m\u00e1s REGIMEN DE CORRELATIVIDADES TRADUCTORADO leer m\u00e1s calendario escolar 2021 (Circ. 17 SES) leer m\u00e1s<\/p>\n","protected":false},"author":3,"featured_media":0,"parent":0,"menu_order":0,"comment_status":"closed","ping_status":"closed","template":"page-templates\/full-width-page.php","meta":{"_kadence_starter_templates_imported_post":false,"footnotes":""},"class_list":["post-1232","page","type-page","status-publish","hentry"],"_links":{"self":[{"href":"https:\/\/ispisanbartolome.edu.ar\/index.php?rest_route=\/wp\/v2\/pages\/1232","targetHints":{"allow":["GET"]}}],"collection":[{"href":"https:\/\/ispisanbartolome.edu.ar\/index.php?rest_route=\/wp\/v2\/pages"}],"about":[{"href":"https:\/\/ispisanbartolome.edu.ar\/index.php?rest_route=\/wp\/v2\/types\/page"}],"author":[{"embeddable":true,"href":"https:\/\/ispisanbartolome.edu.ar\/index.php?rest_route=\/wp\/v2\/users\/3"}],"replies":[{"embeddable":true,"href":"https:\/\/ispisanbartolome.edu.ar\/index.php?rest_route=%2Fwp%2Fv2%2Fcomments&post=1232"}],"version-history":[{"count":10,"href":"https:\/\/ispisanbartolome.edu.ar\/index.php?rest_route=\/wp\/v2\/pages\/1232\/revisions"}],"predecessor-version":[{"id":1856,"href":"https:\/\/ispisanbartolome.edu.ar\/index.php?rest_route=\/wp\/v2\/pages\/1232\/revisions\/1856"}],"wp:attachment":[{"href":"https:\/\/ispisanbartolome.edu.ar\/index.php?rest_route=%2Fwp%2Fv2%2Fmedia&parent=1232"}],"curies":[{"name":"wp","href":"https:\/\/api.w.org\/{rel}","templated":true}]}}